{"id":11,"date":"2024-09-28T18:57:13","date_gmt":"2024-09-28T18:57:13","guid":{"rendered":"https:\/\/auristec.com\/?page_id=11"},"modified":"2025-03-11T14:24:45","modified_gmt":"2025-03-11T14:24:45","slug":"wir-kuemmern-uns-um-alles-damit-sie-sich-konzentrieren-koennen","status":"publish","type":"page","link":"https:\/\/auristec.com\/","title":{"rendered":"Wir k\u00fcmmern uns um alles, damit Sie sich auf Ihre St\u00e4rke konzentrieren k\u00f6nnen"},"content":{"rendered":"\n<div class=\"wp-block-group alignfull has-global-padding is-layout-constrained wp-container-core-group-is-layout-490fa1db wp-block-group-is-layout-constrained\" style=\"padding-top:var(--wp--preset--spacing--50);padding-right:var(--wp--preset--spacing--50);padding-bottom:var(--wp--preset--spacing--50);padding-left:var(--wp--preset--spacing--50)\">\n<div class=\"wp-block-group has-global-padding is-layout-constrained wp-container-core-group-is-layout-650790e1 wp-block-group-is-layout-constrained\">\n<h1 class=\"wp-block-heading has-text-align-center has-x-large-font-size\">Wir tragen zu Ihrem Erfolg bei<\/h1>\n\n\n\n<div style=\"height:1.25rem\" aria-hidden=\"true\" class=\"wp-block-spacer\"><\/div>\n\n\n\n<p class=\"has-text-align-center\">Wir k\u00fcmmern uns um das, was Sie von Ihrer eigentlichen Arbeit abhalten k\u00f6nnte.<\/p>\n\n\n\n<p>Wenn Sie ein sch\u00f6nes Geb\u00e4ude gefunden haben, dann k\u00fcmmern wir uns darum, dass es funktioniert und sch\u00f6n und betriebssicher bleibt.<\/p>\n\n\n\n<p><\/p>\n\n\n\n<div style=\"height:1.25rem\" aria-hidden=\"true\" class=\"wp-block-spacer\"><\/div>\n\n\n\n<div class=\"wp-block-buttons is-content-justification-center is-layout-flex wp-container-core-buttons-is-layout-a89b3969 wp-block-buttons-is-layout-flex\"><\/div>\n<\/div>\n\n\n\n<div style=\"height:var(--wp--preset--spacing--30)\" aria-hidden=\"true\" class=\"wp-block-spacer\"><\/div>\n\n\n\n<figure class=\"wp-block-image alignwide size-full is-style-rounded is-style-rounded--1\"><img loading=\"lazy\" decoding=\"async\" width=\"2048\" height=\"1536\" src=\"https:\/\/auristec.com\/wp-content\/uploads\/2024\/09\/SkyCathedral.jpeg\" alt=\"\" class=\"wp-image-14\" srcset=\"https:\/\/auristec.com\/wp-content\/uploads\/2024\/09\/SkyCathedral.jpeg 2048w, https:\/\/auristec.com\/wp-content\/uploads\/2024\/09\/SkyCathedral-300x225.jpeg 300w, https:\/\/auristec.com\/wp-content\/uploads\/2024\/09\/SkyCathedral-1024x768.jpeg 1024w, https:\/\/auristec.com\/wp-content\/uploads\/2024\/09\/SkyCathedral-768x576.jpeg 768w, https:\/\/auristec.com\/wp-content\/uploads\/2024\/09\/SkyCathedral-1536x1152.jpeg 1536w\" sizes=\"auto, (max-width: 2048px) 100vw, 2048px\" \/><\/figure>\n<\/div>\n\n\n\n<div class=\"wp-block-group alignfull has-base-2-background-color has-background has-global-padding is-layout-constrained wp-container-core-group-is-layout-669513ed wp-block-group-is-layout-constrained\" style=\"margin-top:0;margin-bottom:0;padding-top:var(--wp--preset--spacing--50);padding-right:var(--wp--preset--spacing--50);padding-bottom:var(--wp--preset--spacing--50);padding-left:var(--wp--preset--spacing--50)\">\n<div class=\"wp-block-group is-vertical is-content-justification-center is-layout-flex wp-container-core-group-is-layout-52b864f0 wp-block-group-is-layout-flex\">\n<h2 class=\"wp-block-heading has-text-align-center is-style-asterisk\">Ihre Gesch\u00e4ft braucht Platz und R\u00e4ume<\/h2>\n\n\n\n<div style=\"height:0px\" aria-hidden=\"true\" class=\"wp-block-spacer wp-container-content-4f2ccadb\"><\/div>\n\n\n\n<p class=\"has-text-align-center\">Wir sind Experten im Facility Managment und Service<\/p>\n<\/div>\n\n\n\n<div style=\"margin-top:0;margin-bottom:0;height:var(--wp--preset--spacing--40)\" aria-hidden=\"true\" class=\"wp-block-spacer\"><\/div>\n\n\n\n<div class=\"wp-block-columns alignwide is-layout-flex wp-container-core-columns-is-layout-d0bbbce0 wp-block-columns-is-layout-flex\">\n<div class=\"wp-block-column is-layout-flow wp-container-core-column-is-layout-e3d1c41b wp-block-column-is-layout-flow\">\n<h3 class=\"wp-block-heading has-text-align-left is-style-asterisk has-body-font-family has-medium-font-size\" style=\"font-style:normal;font-weight:600\">Technisches Facility Managment<\/h3>\n\n\n\n<p class=\"has-text-align-left\">Wir k\u00fcmmern uns um die Heizung, die K\u00fchlung, die Wasserversorgung und die Abfl\u00fcsse.<\/p>\n<\/div>\n\n\n\n<div class=\"wp-block-column is-layout-flow wp-container-core-column-is-layout-e3d1c41b wp-block-column-is-layout-flow\">\n<h3 class=\"wp-block-heading has-text-align-left is-style-asterisk has-body-font-family has-medium-font-size\" style=\"font-style:normal;font-weight:600\">Wartung nach allen geltenden Vorschriften<\/h3>\n\n\n\n<p class=\"has-text-align-left\">Bei der Wartung k\u00f6nnen viele teure Fehler enstehen. Mit unseren Systemen und Berichten behalten wir und Sie den \u00dcberblick<\/p>\n<\/div>\n\n\n\n<div class=\"wp-block-column is-layout-flow wp-container-core-column-is-layout-e3d1c41b wp-block-column-is-layout-flow\">\n<h3 class=\"wp-block-heading has-text-align-left is-style-asterisk has-body-font-family has-medium-font-size\" style=\"font-style:normal;font-weight:600\">Digital von Haus aus<\/h3>\n\n\n\n<p class=\"has-text-align-left\">Wir betreiben ein CAFM-System, mit dem wir alle Arbeiten an Ihren Anlagen planen und dokumentieren.<\/p>\n\n\n\n<p>Sie bekommen Berichte, mit dem Sie jederzeit sehen k\u00f6nnen was passiert.<\/p>\n<\/div>\n<\/div>\n\n\n\n<div style=\"height:var(--wp--preset--spacing--20)\" aria-hidden=\"true\" class=\"wp-block-spacer\"><\/div>\n\n\n\n<div class=\"wp-block-columns alignwide is-layout-flex wp-container-core-columns-is-layout-d0bbbce0 wp-block-columns-is-layout-flex\">\n<div class=\"wp-block-column is-layout-flow wp-container-core-column-is-layout-e3d1c41b wp-block-column-is-layout-flow\">\n<h3 class=\"wp-block-heading has-text-align-left is-style-asterisk has-body-font-family has-medium-font-size\" style=\"font-style:normal;font-weight:600\">Consulting<\/h3>\n\n\n\n<p class=\"has-text-align-left\">Wir beraten Sie in allen Belangen der Immobilienbewitschaftung.<\/p>\n<\/div>\n\n\n\n<div class=\"wp-block-column is-layout-flow wp-container-core-column-is-layout-e3d1c41b wp-block-column-is-layout-flow\">\n<h3 class=\"wp-block-heading has-text-align-left is-style-asterisk has-body-font-family has-medium-font-size\" style=\"font-style:normal;font-weight:600\">Projektmanagement<\/h3>\n\n\n\n<p class=\"has-text-align-left\">Falls Sie Ver\u00e4nderungen an Ihren Geb\u00e4uden w\u00fcnschen, dann k\u00f6nnen wir das f\u00fcr Sie organisieren.<\/p>\n<\/div>\n\n\n\n<div class=\"wp-block-column is-layout-flow wp-container-core-column-is-layout-e3d1c41b wp-block-column-is-layout-flow\">\n<h3 class=\"wp-block-heading has-text-align-left is-style-asterisk has-body-font-family has-medium-font-size\" style=\"font-style:normal;font-weight:600\">Architectural Solutions<\/h3>\n\n\n\n<p class=\"has-text-align-left\">Bei gr\u00f6\u00dferen Projekten k\u00f6nnen wir Sie unterst\u00fctzen. Wir haben die richtigen Kontakte zu den richtigen Unternehmen<\/p>\n<\/div>\n<\/div>\n<\/div>\n\n\n\n<div class=\"wp-block-group alignfull has-global-padding is-layout-constrained wp-container-core-group-is-layout-d89aad35 wp-block-group-is-layout-constrained\" style=\"margin-top:0;margin-bottom:0;padding-top:var(--wp--preset--spacing--50);padding-right:var(--wp--preset--spacing--50);padding-bottom:var(--wp--preset--spacing--50);padding-left:var(--wp--preset--spacing--50)\">\n<div class=\"wp-block-group alignwide has-global-padding is-layout-constrained wp-container-core-group-is-layout-19e250f3 wp-block-group-is-layout-constrained\">\n<div class=\"wp-block-group is-vertical is-content-justification-center is-layout-flex wp-container-core-group-is-layout-6329a8f3 wp-block-group-is-layout-flex\">\n<h2 class=\"wp-block-heading has-text-align-center is-style-asterisk\">Eine Reihe von F\u00e4higkeiten die Sie zum Erfolg f\u00fchren<\/h2>\n\n\n\n<p class=\"has-text-align-center\">Die drei Firmengr\u00fcnder haben drei Perspektiven<\/p>\n<\/div>\n\n\n\n<div style=\"height:var(--wp--preset--spacing--40)\" aria-hidden=\"true\" class=\"wp-block-spacer\"><\/div>\n\n\n\n<div class=\"wp-block-columns alignwide is-layout-flex wp-container-core-columns-is-layout-d1c656ed wp-block-columns-is-layout-flex\">\n<div class=\"wp-block-column is-vertically-aligned-center is-layout-flow wp-block-column-is-layout-flow\" style=\"flex-basis:40%\">\n<h3 class=\"wp-block-heading is-style-asterisk\">Technisches und infrastrukturelles Facility Managment<\/h3>\n\n\n\n<ul style=\"line-height:1.75\" class=\"wp-block-list is-style-checkmark-list\">\n<li>Carsten Renken hat \u00fcber 10 Jahre Erfahrung im Facility Managment. Bei Deutschlands gr\u00f6\u00dftem Facility Managment Konzern hat er das Handwerk gelernt um gute L\u00f6sungen zu erarbeiten und anzubieten<\/li>\n<\/ul>\n<\/div>\n\n\n\n<div class=\"wp-block-column is-layout-flow wp-block-column-is-layout-flow\" style=\"flex-basis:50%\">\n<figure class=\"wp-block-image size-full is-resized\"><img loading=\"lazy\" decoding=\"async\" width=\"433\" height=\"640\" src=\"https:\/\/auristec.com\/wp-content\/uploads\/2024\/10\/Carsten-Renken-5.jpeg\" alt=\"\" class=\"wp-image-28\" style=\"width:200px\" srcset=\"https:\/\/auristec.com\/wp-content\/uploads\/2024\/10\/Carsten-Renken-5.jpeg 433w, https:\/\/auristec.com\/wp-content\/uploads\/2024\/10\/Carsten-Renken-5-203x300.jpeg 203w\" sizes=\"auto, (max-width: 433px) 100vw, 433px\" \/><\/figure>\n<\/div>\n<\/div>\n\n\n\n<div style=\"height:var(--wp--preset--spacing--40)\" aria-hidden=\"true\" class=\"wp-block-spacer\"><\/div>\n\n\n\n<div class=\"wp-block-columns alignwide is-layout-flex wp-container-core-columns-is-layout-d1c656ed wp-block-columns-is-layout-flex\">\n<div class=\"wp-block-column is-layout-flow wp-block-column-is-layout-flow\" style=\"flex-basis:50%\">\n<figure class=\"wp-block-image size-full is-resized\"><img loading=\"lazy\" decoding=\"async\" width=\"270\" height=\"366\" src=\"https:\/\/auristec.com\/wp-content\/uploads\/2024\/10\/Ulf_Schnittger.jpg\" alt=\"\" class=\"wp-image-29\" style=\"width:197px\" srcset=\"https:\/\/auristec.com\/wp-content\/uploads\/2024\/10\/Ulf_Schnittger.jpg 270w, https:\/\/auristec.com\/wp-content\/uploads\/2024\/10\/Ulf_Schnittger-221x300.jpg 221w\" sizes=\"auto, (max-width: 270px) 100vw, 270px\" \/><\/figure>\n<\/div>\n\n\n\n<div class=\"wp-block-column is-vertically-aligned-center is-layout-flow wp-block-column-is-layout-flow\" style=\"flex-basis:40%\">\n<h3 class=\"wp-block-heading is-style-asterisk\">Technische Geb\u00e4udeausr\u00fcstung<\/h3>\n\n\n\n<ul style=\"line-height:1.75\" class=\"wp-block-list is-style-checkmark-list\">\n<li>Ulf Schnittger ist einer der Gr\u00fcnder der  Ingenieurgesellschaft Schnittger Wilde mbH. die als ISW-Plan.de firmiert. Er ist ein erfahrener TGA-Planer, der auf viele erfolgreiche Projekte zur\u00fcckblicken kann. <\/li>\n\n\n\n<li><\/li>\n<\/ul>\n<\/div>\n<\/div>\n\n\n\n<div class=\"wp-block-columns is-layout-flex wp-container-core-columns-is-layout-28f84493 wp-block-columns-is-layout-flex\">\n<div class=\"wp-block-column is-layout-flow wp-block-column-is-layout-flow\">\n<p><\/p>\n<\/div>\n\n\n\n<div class=\"wp-block-column is-layout-flow wp-block-column-is-layout-flow\"><\/div>\n<\/div>\n<\/div>\n\n\n\n<p><\/p>\n<\/div>\n\n\n\n<div class=\"wp-block-group alignfull has-base-color has-contrast-background-color has-text-color has-background has-global-padding is-layout-constrained wp-container-core-group-is-layout-ef3d885c wp-block-group-is-layout-constrained\" style=\"margin-top:0;margin-bottom:0;padding-top:var(--wp--preset--spacing--60);padding-right:var(--wp--preset--spacing--60);padding-bottom:var(--wp--preset--spacing--60);padding-left:var(--wp--preset--spacing--60)\">\n<div class=\"wp-block-group has-global-padding is-layout-constrained wp-block-group-is-layout-constrained\">\n<p class=\"has-text-align-center has-base-color has-text-color has-heading-font-family has-x-large-font-size\" style=\"line-height:1.2\"><em>\u201cauristec ist flexible und innovativ&#8220;<\/em><\/p>\n\n\n\n<div style=\"height:var(--wp--preset--spacing--10)\" aria-hidden=\"true\" class=\"wp-block-spacer\"><\/div>\n<\/div>\n<\/div>\n","protected":false},"excerpt":{"rendered":"<p>Wir tragen zu Ihrem Erfolg bei Wir k\u00fcmmern uns um das, was Sie von Ihrer eigentlichen Arbeit abhalten k\u00f6nnte. Wenn Sie ein sch\u00f6nes Geb\u00e4ude gefunden haben, dann k\u00fcmmern wir uns darum, dass es funktioniert und sch\u00f6n und betriebssicher bleibt. Ihre Gesch\u00e4ft braucht Platz und R\u00e4ume Wir sind Experten im Facility Managment und Service Technisches Facility [&hellip;]<\/p>\n","protected":false},"author":1,"featured_media":13,"parent":0,"menu_order":0,"comment_status":"closed","ping_status":"closed","template":"","meta":{"footnotes":""},"class_list":["post-11","page","type-page","status-publish","has-post-thumbnail","hentry"],"_links":{"self":[{"href":"https:\/\/auristec.com\/index.php\/wp-json\/wp\/v2\/pages\/11","targetHints":{"allow":["GET"]}}],"collection":[{"href":"https:\/\/auristec.com\/index.php\/wp-json\/wp\/v2\/pages"}],"about":[{"href":"https:\/\/auristec.com\/index.php\/wp-json\/wp\/v2\/types\/page"}],"author":[{"embeddable":true,"href":"https:\/\/auristec.com\/index.php\/wp-json\/wp\/v2\/users\/1"}],"replies":[{"embeddable":true,"href":"https:\/\/auristec.com\/index.php\/wp-json\/wp\/v2\/comments?post=11"}],"version-history":[{"count":9,"href":"https:\/\/auristec.com\/index.php\/wp-json\/wp\/v2\/pages\/11\/revisions"}],"predecessor-version":[{"id":39,"href":"https:\/\/auristec.com\/index.php\/wp-json\/wp\/v2\/pages\/11\/revisions\/39"}],"wp:featuredmedia":[{"embeddable":true,"href":"https:\/\/auristec.com\/index.php\/wp-json\/wp\/v2\/media\/13"}],"wp:attachment":[{"href":"https:\/\/auristec.com\/index.php\/wp-json\/wp\/v2\/media?parent=11"}],"curies":[{"name":"wp","href":"https:\/\/api.w.org\/{rel}","templated":true}]}}

Wir kümmern uns um alles, damit Sie sich auf Ihre Stärke konzentrieren können

<div class="wp-block-group alignfull has-global-padding is-layout-constrained wp-container-core-group-is-layout-490fa1db wp-block-group-is-layout-constrained" style="padding-top:var(--wp--preset--spacing--50);padding-right:var(--wp--preset--spacing--50);padding-bottom:var(--wp--preset--spacing--50);padding-left:var(--wp--preset--spacing--50)">
<div class="wp-block-group has-global-padding is-layout-constrained wp-container-core-group-is-layout-650790e1 wp-block-group-is-layout-constrained">
<h1 class="wp-block-heading has-text-align-center has-x-large-font-size">Wir tragen zu Ihrem Erfolg bei</h1>



<div style="height:1.25rem" aria-hidden="true" class="wp-block-spacer"></div>



<p class="has-text-align-center">Wir kümmern uns um das, was Sie von Ihrer eigentlichen Arbeit abhalten könnte.</p>



<p>Wenn Sie ein schönes Gebäude gefunden haben, dann kümmern wir uns darum, dass es funktioniert und schön und betriebssicher bleibt.</p>



<p></p>



<div style="height:1.25rem" aria-hidden="true" class="wp-block-spacer"></div>



<div class="wp-block-buttons is-content-justification-center is-layout-flex wp-container-core-buttons-is-layout-a89b3969 wp-block-buttons-is-layout-flex"></div>
</div>



<div style="height:var(--wp--preset--spacing--30)" aria-hidden="true" class="wp-block-spacer"></div>



<figure class="wp-block-image alignwide size-full is-style-rounded is-style-rounded--1"><img loading="lazy" decoding="async" width="2048" height="1536" src="https://auristec.com/wp-content/uploads/2024/09/SkyCathedral.jpeg" alt="" class="wp-image-14" srcset="https://auristec.com/wp-content/uploads/2024/09/SkyCathedral.jpeg 2048w, https://auristec.com/wp-content/uploads/2024/09/SkyCathedral-300x225.jpeg 300w, https://auristec.com/wp-content/uploads/2024/09/SkyCathedral-1024x768.jpeg 1024w, https://auristec.com/wp-content/uploads/2024/09/SkyCathedral-768x576.jpeg 768w, https://auristec.com/wp-content/uploads/2024/09/SkyCathedral-1536x1152.jpeg 1536w" sizes="auto, (max-width: 2048px) 100vw, 2048px" /></figure>
</div>



<div class="wp-block-group alignfull has-base-2-background-color has-background has-global-padding is-layout-constrained wp-container-core-group-is-layout-669513ed wp-block-group-is-layout-constrained" style="margin-top:0;margin-bottom:0;padding-top:var(--wp--preset--spacing--50);padding-right:var(--wp--preset--spacing--50);padding-bottom:var(--wp--preset--spacing--50);padding-left:var(--wp--preset--spacing--50)">
<div class="wp-block-group is-vertical is-content-justification-center is-layout-flex wp-container-core-group-is-layout-52b864f0 wp-block-group-is-layout-flex">
<h2 class="wp-block-heading has-text-align-center is-style-asterisk">Ihre Geschäft braucht Platz und Räume</h2>



<div style="height:0px" aria-hidden="true" class="wp-block-spacer wp-container-content-4f2ccadb"></div>



<p class="has-text-align-center">Wir sind Experten im Facility Managment und Service</p>
</div>



<div style="margin-top:0;margin-bottom:0;height:var(--wp--preset--spacing--40)" aria-hidden="true" class="wp-block-spacer"></div>



<div class="wp-block-columns alignwide is-layout-flex wp-container-core-columns-is-layout-d0bbbce0 wp-block-columns-is-layout-flex">
<div class="wp-block-column is-layout-flow wp-container-core-column-is-layout-e3d1c41b wp-block-column-is-layout-flow">
<h3 class="wp-block-heading has-text-align-left is-style-asterisk has-body-font-family has-medium-font-size" style="font-style:normal;font-weight:600">Technisches Facility Managment</h3>



<p class="has-text-align-left">Wir kümmern uns um die Heizung, die Kühlung, die Wasserversorgung und die Abflüsse.</p>
</div>



<div class="wp-block-column is-layout-flow wp-container-core-column-is-layout-e3d1c41b wp-block-column-is-layout-flow">
<h3 class="wp-block-heading has-text-align-left is-style-asterisk has-body-font-family has-medium-font-size" style="font-style:normal;font-weight:600">Wartung nach allen geltenden Vorschriften</h3>



<p class="has-text-align-left">Bei der Wartung können viele teure Fehler enstehen. Mit unseren Systemen und Berichten behalten wir und Sie den Überblick</p>
</div>



<div class="wp-block-column is-layout-flow wp-container-core-column-is-layout-e3d1c41b wp-block-column-is-layout-flow">
<h3 class="wp-block-heading has-text-align-left is-style-asterisk has-body-font-family has-medium-font-size" style="font-style:normal;font-weight:600">Digital von Haus aus</h3>



<p class="has-text-align-left">Wir betreiben ein CAFM-System, mit dem wir alle Arbeiten an Ihren Anlagen planen und dokumentieren.</p>



<p>Sie bekommen Berichte, mit dem Sie jederzeit sehen können was passiert.</p>
</div>
</div>



<div style="height:var(--wp--preset--spacing--20)" aria-hidden="true" class="wp-block-spacer"></div>



<div class="wp-block-columns alignwide is-layout-flex wp-container-core-columns-is-layout-d0bbbce0 wp-block-columns-is-layout-flex">
<div class="wp-block-column is-layout-flow wp-container-core-column-is-layout-e3d1c41b wp-block-column-is-layout-flow">
<h3 class="wp-block-heading has-text-align-left is-style-asterisk has-body-font-family has-medium-font-size" style="font-style:normal;font-weight:600">Consulting</h3>



<p class="has-text-align-left">Wir beraten Sie in allen Belangen der Immobilienbewitschaftung.</p>
</div>



<div class="wp-block-column is-layout-flow wp-container-core-column-is-layout-e3d1c41b wp-block-column-is-layout-flow">
<h3 class="wp-block-heading has-text-align-left is-style-asterisk has-body-font-family has-medium-font-size" style="font-style:normal;font-weight:600">Projektmanagement</h3>



<p class="has-text-align-left">Falls Sie Veränderungen an Ihren Gebäuden wünschen, dann können wir das für Sie organisieren.</p>
</div>



<div class="wp-block-column is-layout-flow wp-container-core-column-is-layout-e3d1c41b wp-block-column-is-layout-flow">
<h3 class="wp-block-heading has-text-align-left is-style-asterisk has-body-font-family has-medium-font-size" style="font-style:normal;font-weight:600">Architectural Solutions</h3>



<p class="has-text-align-left">Bei größeren Projekten können wir Sie unterstützen. Wir haben die richtigen Kontakte zu den richtigen Unternehmen</p>
</div>
</div>
</div>



<div class="wp-block-group alignfull has-global-padding is-layout-constrained wp-container-core-group-is-layout-d89aad35 wp-block-group-is-layout-constrained" style="margin-top:0;margin-bottom:0;padding-top:var(--wp--preset--spacing--50);padding-right:var(--wp--preset--spacing--50);padding-bottom:var(--wp--preset--spacing--50);padding-left:var(--wp--preset--spacing--50)">
<div class="wp-block-group alignwide has-global-padding is-layout-constrained wp-container-core-group-is-layout-19e250f3 wp-block-group-is-layout-constrained">
<div class="wp-block-group is-vertical is-content-justification-center is-layout-flex wp-container-core-group-is-layout-6329a8f3 wp-block-group-is-layout-flex">
<h2 class="wp-block-heading has-text-align-center is-style-asterisk">Eine Reihe von Fähigkeiten die Sie zum Erfolg führen</h2>



<p class="has-text-align-center">Die drei Firmengründer haben drei Perspektiven</p>
</div>



<div style="height:var(--wp--preset--spacing--40)" aria-hidden="true" class="wp-block-spacer"></div>



<div class="wp-block-columns alignwide is-layout-flex wp-container-core-columns-is-layout-d1c656ed wp-block-columns-is-layout-flex">
<div class="wp-block-column is-vertically-aligned-center is-layout-flow wp-block-column-is-layout-flow" style="flex-basis:40%">
<h3 class="wp-block-heading is-style-asterisk">Technisches und infrastrukturelles Facility Managment</h3>



<ul style="line-height:1.75" class="wp-block-list is-style-checkmark-list">
<li>Carsten Renken hat über 10 Jahre Erfahrung im Facility Managment. Bei Deutschlands größtem Facility Managment Konzern hat er das Handwerk gelernt um gute Lösungen zu erarbeiten und anzubieten</li>
</ul>
</div>



<div class="wp-block-column is-layout-flow wp-block-column-is-layout-flow" style="flex-basis:50%">
<figure class="wp-block-image size-full is-resized"><img loading="lazy" decoding="async" width="433" height="640" src="https://auristec.com/wp-content/uploads/2024/10/Carsten-Renken-5.jpeg" alt="" class="wp-image-28" style="width:200px" srcset="https://auristec.com/wp-content/uploads/2024/10/Carsten-Renken-5.jpeg 433w, https://auristec.com/wp-content/uploads/2024/10/Carsten-Renken-5-203x300.jpeg 203w" sizes="auto, (max-width: 433px) 100vw, 433px" /></figure>
</div>
</div>



<div style="height:var(--wp--preset--spacing--40)" aria-hidden="true" class="wp-block-spacer"></div>



<div class="wp-block-columns alignwide is-layout-flex wp-container-core-columns-is-layout-d1c656ed wp-block-columns-is-layout-flex">
<div class="wp-block-column is-layout-flow wp-block-column-is-layout-flow" style="flex-basis:50%">
<figure class="wp-block-image size-full is-resized"><img loading="lazy" decoding="async" width="270" height="366" src="https://auristec.com/wp-content/uploads/2024/10/Ulf_Schnittger.jpg" alt="" class="wp-image-29" style="width:197px" srcset="https://auristec.com/wp-content/uploads/2024/10/Ulf_Schnittger.jpg 270w, https://auristec.com/wp-content/uploads/2024/10/Ulf_Schnittger-221x300.jpg 221w" sizes="auto, (max-width: 270px) 100vw, 270px" /></figure>
</div>



<div class="wp-block-column is-vertically-aligned-center is-layout-flow wp-block-column-is-layout-flow" style="flex-basis:40%">
<h3 class="wp-block-heading is-style-asterisk">Technische Gebäudeausrüstung</h3>



<ul style="line-height:1.75" class="wp-block-list is-style-checkmark-list">
<li>Ulf Schnittger ist einer der Gründer der  Ingenieurgesellschaft Schnittger Wilde mbH. die als ISW-Plan.de firmiert. Er ist ein erfahrener TGA-Planer, der auf viele erfolgreiche Projekte zurückblicken kann. </li>



<li></li>
</ul>
</div>
</div>



<div class="wp-block-columns is-layout-flex wp-container-core-columns-is-layout-28f84493 wp-block-columns-is-layout-flex">
<div class="wp-block-column is-layout-flow wp-block-column-is-layout-flow">
<p></p>
</div>



<div class="wp-block-column is-layout-flow wp-block-column-is-layout-flow"></div>
</div>
</div>



<p></p>
</div>



<div class="wp-block-group alignfull has-base-color has-contrast-background-color has-text-color has-background has-global-padding is-layout-constrained wp-container-core-group-is-layout-ef3d885c wp-block-group-is-layout-constrained" style="margin-top:0;margin-bottom:0;padding-top:var(--wp--preset--spacing--60);padding-right:var(--wp--preset--spacing--60);padding-bottom:var(--wp--preset--spacing--60);padding-left:var(--wp--preset--spacing--60)">
<div class="wp-block-group has-global-padding is-layout-constrained wp-block-group-is-layout-constrained">
<p class="has-text-align-center has-base-color has-text-color has-heading-font-family has-x-large-font-size" style="line-height:1.2"><em>“auristec ist flexible und innovativ&#8220;</em></p>



<div style="height:var(--wp--preset--spacing--10)" aria-hidden="true" class="wp-block-spacer"></div>
</div>
</div>

<p>Wir tragen zu Ihrem Erfolg bei Wir kümmern uns um das, was Sie von Ihrer eigentlichen Arbeit abhalten könnte. Wenn Sie ein schönes Gebäude gefunden haben, dann kümmern wir uns darum, dass es funktioniert und schön und betriebssicher bleibt. Ihre Geschäft braucht Platz und Räume Wir sind Experten im Facility Managment und Service Technisches Facility [&hellip;]</p>
